e tens digit of 95542874?
7
What is the hundreds digit of 1154543911?
9
What is the ten millions digit of 662388884?
6
What is the ten millions digit of 69818260?
6
What is the thousands digit of 49400698?
0
What is the ten millions digit of 33840677?
3
What is the hundreds digit of 88955099?
0
What is the ten thousands digit of 352486637?
8
What is the hundred millions digit of 2923441529?
9
What is the ten millions digit of 75564163?
7
What is the thousands digit of 714610645?
0
What is the tens digit of 9962592?
9
What is the millions digit of 264925833?
4
What is the millions digit of 712081769?
2
What is the hundred thousands digit of 177793098?
7
What is the units digit of 476458260?
0
What is the tens digit of 1622798484?
8
What is the hundred thousands digit of 65336233?
3
What is the thousands digit of 3520487?
0
What is the thousands digit of 2742850818?
0
What is the hundreds digit of 151339971?
9
What is the hundred thousands digit of 934719782?
7
What is the millions digit of 182353250?
2
What is the ten millions digit of 990102114?
9
What is the tens digit of 190512729?
2
What is the hundred thousands digit of 98932046?
9
What is the hundred millions digit of 1349078990?
3
What is the millions digit of 608782637?
8
What is the hundreds digit of 192940307?
3
What is the thousands digit of 21961253?
1
What is the ten thousands digit of 102143366?
4
What is the units digit of 67722408?
8
What is the hundred millions digit of 345768431?
3
What is the millions digit of 549710976?
9
What is the millions digit of 396083884?
6
What is the thousands digit of 198596355?
6
What is the units digit of 2743693453?
3
What is the units digit of 201951673?
3
What is the billions digit of 2869468504?
2
What is the thousands digit of 51364545?
4
What is the ten thousands digit of 291989568?
8
What is the millions digit of 62836876?
2
What is the units digit of 2447382302?
2
What is the tens digit of 260624242?
4
What is the millions digit of 284820074?
4
What is the units digit of 1989051807?
7
What is the hundred millions digit of 617475484?
6
What is the ten thousands digit of 3270457?
7
What is the ten thousands digit of 81847543?
4
What is the ten thousands digit of 919572479?
7
What is the hundred thousands digit of 156592017?
5
What is the hundred thousands digit of 20389224?
3
What is the thousands digit of 33998819?
8
What is the hundred thousands digit of 1186737039?
7
What is the hundred thousands digit of 196656370?
6
What is the ten millions digit of 63700365?
6
What is the hundred thousands digit of 61013905?
0
What is the tens digit of 542857569?
6
What is the millions digit of 1537141982?
7
What is the millions digit of 3427575252?
7
What is the units digit of 5317523721?
1
What is the hundred thousands digit of 568625031?
6
What is the hundred thousands digit of 1126417159?
4
What is the hundreds digit of 1511754777?
7
What is the ten millions digit of 696786027?
9
What is the millions digit of 88705393?
8
What is the tens digit of 304524342?
4
What is the ten millions digit of 91473019?
9
What is the tens digit of 1247220798?
9
What is the ten millions digit of 1089020435?
8
What is the hundred thousands digit of 70978866?
9
What is the hundreds digit of 47270416?
4
What is the thousands digit of 2989451489?
1
What is the millions digit of 6378931207?
8
What is the units digit of 235808488?
8
What is the units digit of 142304627?
7
What is the units digit of 1028394873?
3
What is the millions digit of 1386236368?
6
What is the hundred thousands digit of 954069357?
0
What is the thousands digit of 412172009?
2
What is the millions digit of 131997687?
1
What is the tens digit of 306394223?
2
What is the units digit of 71087714?
4
What is the ten millions digit of 807525977?
0
What is the ten thousands digit of 808517370?
1
What is the ten millions digit of 4223373083?
2
What is the hundred thousands digit of 75705371?
7
What is the millions digit of 165558131?
5
What is the hundred millions digit of 1373297841?
3
What is the millions digit of 1937871427?
7
What is the tens digit of 946619243?
4
What is the ten thousands digit of 435289365?
8
What is the units digit of 3171775859?
9
What is the ten millions digit of 945179924?
4
What is the hundred millions digit of 397719932?
3
What is the tens digit of 49214669?
6
What is the units digit of 681832363?
3
What is the millions digit of 260262044?
0
What is the tens digit of 31165272?
7
What is the tens digit of 15000560?
6
What is the ten thousands digit of 790519191?
1
What is the hundreds digit of 283785140?
1
What is the hundred millions digit of 6524184448?
5
What is the thousands digit of 102701903?
1
What is the millions digit of 390460636?
0
What is the ten millions digit of 208310619?
0
What is the units digit of 98729603?
3
What is the ten thousands digit of 1948020980?
2
What is the thousands digit of 59872785?
2
What is the thousands digit of 3559248943?
8
What is the units digit of 2344209?
9
What is the tens digit of 232030973?
7
What is the thousands digit of 33573555?
3
What is the ten millions digit of 55268006?
5
What is the hundred millions digit of 1077931053?
0
What is the hundreds digit of 97482455?
4
What is the millions digit of 2060571995?
0
What is the hundred thousands digit of 1504355277?
3
What is the thousands digit of 599988?
9
What is the hundreds digit of 45158687?
6
What is the hundreds digit of 195801991?
9
What is the ten thousands digit of 25019425?
1
What is the millions digit of 3107500911?
7
What is the hundreds digit of 39794466?
4
What is the ten thousands digit of 5612462600?
6
What is the ten thousands digit of 77372438?
7
What is the ten millions digit of 277615578?
7
What is the hundred thousands digit of 48117661?
1
What is the ten thousands digit of 387892139?
9
What is the hundreds digit of 444661092?
0
What is the tens digit of 186771078?
7
What is the thousands digit of 719355304?
5
What is the hundreds digit of 720604850?
8
What is the ten thousands digit of 974850799?
5
What is the ten millions digit of 1983042342?
8
What is the hundreds digit of 57614155?
1
What is the thousands digit of 4061619012?
9
What is the ten millions digit of 96953013?
9
What is the ten thousands digit of 400488386?
8
What is the hundred thousands digit of 545924627?
9
What is the tens digit of 1399161346?
4
What is the units digit of 430698188?
8
What is the hundred millions digit of 2036360393?
0
What is the hundreds digit of 513261339?
3
What is the millions digit of 363537505?
3
What is the units digit of 56391477?
7
What is the millions digit of 62064562?
2
What is the millions digit of 9273672?
9
What is the millions digit of 28388059?
8
What is the millions digit of 24278931?
4
What is the ten millions digit of 203316674?
0
What is the hundreds digit of 891204020?
0
What is the thousands digit of 749451876?
1
What is the ten millions digit of 1686060797?
8
What is the units digit of 59081681?
1
What is the hundred thousands digit of 40339828?
3
What is the thousands digit of 569514446?
4
What is the hundred thousands digit of 2785950680?
9
What is the ten thousands digit of 1902290407?
9
What is the hundred millions digit of 4566112848?
5
What is the tens digit of 38408697?
9
What is the millions digit of 5086661?
5
What is the thousands digit of 129360460?
0
What is the thousands digit of 3813253603?
3
What is the units digit of 44553712?
2
What is the hundreds digit of 52695712?
7
What is the hundred thousands digit of 260928412?
9
What is the hundred millions digit of 2079037834?
0
What is the ten thousands digit of 2476187043?
8
What is the hundred millions digit of 114401413?
1
What is the thousands digit of 3085919?
5
What is the ten thousands digit of 401621550?
2
What is the billions digit of 3224504920?
3
What is the millions digit of 213197994?
3
What is the ten thousands digit of 4488254947?
5
What is the millions digit of 93906033?
3
What is the thousands digit of 31736995?
6
What is the hundred thousands digit of 1014091130?
0
What is the ten thousands digit of 121524781?
2
What is the ten thousands digit of 1438721858?
2
What is the thousands digit of 27180443?
0
What is the units digit of 234266529?
9
What is the hundreds digit of 